test common divisor of i and l?
19
Suppose 4*j + j - 225 = 0. Let o = -17 - -19. Suppose -2*v + 36 = o*v. Calculate the highest common divisor of j and v.
9
Suppose u - 3238 + 668 = 0. Suppose -4*y + 0*y = 2*p - u, 5*y = 2*p + 3235. Let q be y/6 - 2/(-4). What is the highest common factor of q and 27?
27
Suppose -g + 4*h = -278, 2*g + 5*h = -g + 885. Suppose p - 6*p = -g. Let o = p - 50. What is the greatest common divisor of o and 12?
4
Let s(x) = 21*x + 158. Let k be s(22). Suppose 11*g + 60 = 14*g. Calculate the highest common factor of g and k.
20
Suppose -c + 18 = -2*v, 4*v + 31 = 3*c - 17. Let o be 7/14 + (-35)/(-2) + -3. Calculate the highest common divisor of o and c.
3
Let i be 7 + ((-582)/10)/(1/(-15)). Calculate the highest common factor of 792 and i.
88
Suppose -k + 5*a + 28 = 4, 2*k - 5*a = 28. Let o(g) = 22 + k - 8 - g. Let y be o(6). Calculate the highest common factor of y and 36.
12
Suppose 21024 = 56*f + 17*f. Calculate the highest common divisor of f and 168.
24
Suppose 3*b - 900 = -648. Let q be (10/(-3))/(-5)*-39. Let k be 2 - 6 - (q - 2). What is the highest common divisor of k and b?
12
Let r be (23 + -1)/(6 - 2175/363). Suppose -14*g = -1146 - r. Calculate the greatest common factor of g and 16.
16
Let u(x) = x**3 - 5*x**2 - 12*x - 12. Let k = 8 - 1. Let d be u(k). Suppose 52 + 2 = 3*q. Calculate the highest common divisor of q and d.
2
Let p(f) = 27*f**2 - 10*f**2 + 9*f - 18*f**2 + 41. Let w be p(14). Let u = w + 227. What is the greatest common divisor of u and 18?
18
Suppose -2*v + 2*n = 0, -3*v - 3*n = -7*n. Let l be 21/14*(v + 2 - -8). What is the greatest common divisor of 435 and l?
15
Let n(b) = -2*b**3 - 31*b**2 - 48*b + 96. Let k be n(-3). Let q be (-32)/(-6) + (-2)/6. Let z = 11 - q. Calculate the greatest common divisor of z and k.
3
Suppose -8*b = 6*b - 14. Suppose 3*u - 6 = 0, -2*k + u - 3*u + 48 = 0. Suppose -8*j = -6*j - k. Calculate the greatest common divisor of b and j.
1
Suppose 783 = 7*t - 16*t. Let k = 93 + t. Suppose -10*q + k*q + 200 = 0. Calculate the greatest common divisor of q and 10.
10
Let v = 12 + 94. Suppose i - 109 = -v. Let h be (10 - (0 - 4)) + 1*i. What is the highest common divisor of 170 and h?
17
Let d be (-12)/28 - ((-23456)/(-28))/(-4). Let v = 58 + -39. Calculate the highest common divisor of d and v.
19
Suppose 5*i + 8*b = 3*b + 220, 4*i = b + 186. What is the highest common factor of i and 161?
23
Let t = 119 + -254. Let c be (-32)/(-10)*t/(-6). Let a be (-10 - -13) + 6/1. Calculate the greatest common divisor of a and c.
9
Let s = 2891 - -203. Calculate the greatest common divisor of s and 1456.
182
Suppose 0*a - 6664 = -14*a. Let k(j) = j**3 - 22*j**2 - 43*j - 52. Let w be k(24). Calculate the greatest common factor of w and a.
68
Suppose -2*b = 16*b + 31410 - 123264. Calculate the greatest common factor of b and 21.
21
Let i be 4*(0 + 0 + 7). Let l(z) = z**3 + 29*z**2 + 76*z - 51. Let t be l(-26). Let y be t*7 - 9548/(-44). Calculate the greatest common divisor of y and i.
28
Suppose -4*p - 20 = -4*f, 3*f + 2*p - 7 = p. Suppose f*i - 19 = 11. Let a(v) = 22*v + 1366. Let y be a(-58). Calculate the greatest common factor of i and y.
10
Let b be -1*(-1)/(-1)*(-57 - 2980/20). Calculate the highest common factor of 19982 and b.
206
Let r be -36*1*(-4)/6. Let c(f) = f**3 + 12*f**2 + 10*f + 21. Let j be c(-11). What is the greatest common factor of j and r?
8
Suppose 0 = -2*v - i + 19697, 9034 = v - 4*i - 828. What is the greatest common factor of v and 1379?
197
Let b = 32 + -1. Let n = 339 + -185. Let h = 433 - n. Calculate the greatest common divisor of h and b.
31
Suppose 0 = 5*z + c - 333, 2*c = -66*z + 67*z - 60. What is the greatest common divisor of z and 1738?
22
Suppose 0 = 162*p + 23*p + 373546 - 1016236. What is the highest common factor of 36 and p?
18
Suppose -298*c + 24*c + 2283034 = 406956. What is the highest common factor of c and 82?
41
Let l = -111 - -116. Let w = 89 - 64. Calculate the highest common divisor of l and w.
5
Suppose 6*b + 0*b - 234 = 0. Let v = -387 + 400. Calculate the greatest common factor of v and b.
13
Suppose 72*w + 1295537 = 329*w. What is the highest common divisor of 142 and w?
71
Let l(m) = -m**3 - 49*m**2 + 48*m - 51. Let d be l(-50). What is the highest common factor of 9 and d?
1
Suppose 0 = 122*r + 31*r - 123165. What is the highest common divisor of 575 and r?
115
Let v be ((-1919)/(-7) - 7/49) + (7 - 2). Calculate the greatest common factor of v and 162.
9
Let c(u) = 59*u + 62. Let p be c(-1). What is the greatest common divisor of p and 51?
3
Let p be 120/90*(-4)/8*(1 - 52). Let a be (1 - 96)*(-238)/35. What is the greatest common divisor of p and a?
34
Let x = 8 - 4. Suppose x*c = -3*a + 150, -3*a - 5*c + 93 = -a. Calculate the highest common divisor of 45 and a.
9
Suppose -30*b + 2693 = -11647. Suppose 467*l - b*l + 2431 = 0. What is the greatest common factor of 26 and l?
13
Let c(w) = 157*w + 333. Let z be c(-2). What is the greatest common factor of 2242 and z?
19
Let l be ((-50)/6 - 0)*(-66)/55. Suppose 0 = l*f - 0*f - 1200. What is the highest common factor of f and 40?
40
Let l be 41/3 - 6/9. Let v = -8870 - -9013. What is the highest common factor of v and l?
13
Let m = 55 - 121. Let c = -26 - m. Suppose 0 = 19*v + 7*v - 1560. Calculate the highest common divisor of v and c.
20
Let h = 2664 - 2651. Suppose 896 + 46 = 2*j. Suppose 4*r - 3*r - 3 = 0, -r = 4*m - j. What is the highest common divisor of m and h?
13
Suppose a - c = 664, -122*a + c - 3356 = -127*a. Calculate the highest common divisor of a and 1474.
134
Let d = -27 - -27. Let m be d + 4 - (-7 + 12 + -25). Let b be (-5)/(-40)*10*m. Calculate the highest common factor of b and 15.
15
Let p be 2/(6/17) + 4/(-6). Suppose -68 - 19 = -s - 4*q, 0 = -5*s - p*q + 465. Calculate the greatest common factor of s and 76.
19
Let q(a) = 6*a + 465. Let t be q(-11). What is the highest common divisor of 1368 and t?
57
Let d(y) = y**3 - 6*y**2 - 11*y + 24. Suppose -2*x + 21 = -5*f, -x + 37 = 3*x - 5*f. Let v be d(x). Calculate the highest common divisor of 32 and v.
32
Suppose 5*m - 1164 = 10*j - 8*j, 0 = -4*m - j + 939. Suppose 306 = 5*z - m. What is the highest common factor of z and 162?
54
Let i be (-1)/(-3) + (-847)/3. Let m be (-129)/(-172) + (i/(-8) - 0). What is the greatest common factor of m and 198?
18
Let l be -9 + 8138 + -15 - -13. What is the highest common factor of 243 and l?
27
Let x be (-2)/17 - (-22500)/510. Suppose 0 = a + 5*t - 122, -5*t - 538 = a - 5*a. What is the highest common factor of a and x?
44
Let t be (-4)/2 - (-48 - -46). Suppose -4*o + 667 = -18*c + 23*c, t = -3*o + 2*c + 506. What is the greatest common factor of o and 63?
21
Let x = -618 + 906. Calculate the greatest common factor of x and 1136.
16
Let x(u) = u**2 + 55*u + 367. Let g be x(-50). What is the highest common factor of g and 441?
9
Let d be (104667/278)/((-2)/(-16)). What is the greatest common divisor of d and 12?
12
Let d = 14469 - -3221. Calculate the highest common factor of d and 29.
29
Let g(l) be the second derivative of l**4/12 - l**3 - 6*l**2 - 4*l. Let z be g(8). Let a be 10/5*z + 2. What is the greatest common divisor of 20 and a?
10
Suppose 177*j + 22*j + 33042 = 33440. Suppose -2*m - 30 = 4*w, -4*w - 4 - 16 = 0. Let o be (-44)/m - (-2)/10. What is the highest common divisor of j and o?
1
Let m = -32 - -37. Suppose 3*k - m*b + 2 + 13 = 0, 3 = 5*k + b. Suppose 5*r = -2*w + 116, k*w + 3*r + 36 = w. Calculate the greatest common divisor of w and 32.
16
Let k(o) = -7*o - 106. Let y be ((-1)/(-2))/(2/4)*-19. Let j be k(y). What is the greatest common factor of j and 72?
9
Let v be ((-1)/(-3))/(3/9). Let w be (1/1)/((-1)/(-7)). Suppose -x = 5*s - 0*s - 51, x - w = -s. What is the greatest common divisor of s and v?
1
Suppose -k - z + 6067 = 0, 3*k = -11*z + 10*z + 18193. Calculate the greatest common factor of 129 and k.
129
Let s = -600 + 413. Let b = 196 + s. What is the highest common divisor of b and 15?
3
Let m be 48*(117/130 - 2/5). Suppose 76 = -3*w - 56. Let a be (-10)/2*w/55. What is the greatest common factor of m and a?
4
Suppose -1377 = -226*o + 209*o. Calculate the highest common divisor of o and 13473.
27
Let x be 102/(-1)*(-39)/117. Suppose 4*l + 2*a + a =